{"id":26048,"date":"2023-01-31T17:26:08","date_gmt":"2023-01-31T16:26:08","guid":{"rendered":"https:\/\/supercuotas.gratis\/?page_id=26048"},"modified":"2023-02-08T01:18:28","modified_gmt":"2023-02-08T00:18:28","slug":"codere-bono-apuestas-futbol-ciudad-buenos-aires","status":"publish","type":"page","link":"https:\/\/supercuotas.gratis\/arg\/codere-bono-apuestas-futbol-ciudad-buenos-aires\/","title":{"rendered":"Codere Bono Apuestas Futbol \u00bb $5.000 para TODOS los Partidos"},"content":{"rendered":"\n<p>Para aquellos amantes de las apuestas deportivas, m\u00e1s precisamente de los amantes del f\u00fatbol, hoy tendr\u00e1n una grandiosa oportunidad. Ya que te ense\u00f1aremos todo lo que debes saber sobre, <strong>el <a href=\"https:\/\/recor.to\/coderearg\" target=\"_blank\" rel=\"noreferrer noopener nofollow sponsored\">Codere <\/a>bono apuestas de futbol, con el cual podr\u00e1s obtener hasta $5.000, para jugar en los mejores eventos.<\/strong> Tienes que saber que, este es un imperdible bono, el cual podr\u00e1s acceder siendo usuario dentro de Codere. Para ello, deber\u00e1s completar el proceso de registro, de esta manera, podr\u00e1s acceder de manera inmediata de un usuario. <strong>Luego, podr\u00e1s acceder de manera completamente segura, a este incre\u00edble bono para f\u00fatbol, el cual solo Codere te dar\u00e1<\/strong>. <\/p>\n\n\n\n<figure class=\"wp-block-image size-large\"><a href=\"https:\/\/recor.to\/coderearg\" target=\"_blank\" rel=\"noreferrer noopener nofollow sponsored\"><img fetchpriority=\"high\" decoding=\"async\" width=\"1024\" height=\"399\" src=\"https:\/\/supercuotas.gratis\/wp-content\/uploads\/2023\/01\/codere-bono-apuestas-futbol-1024x399.png\" alt=\"codere bono apuestas futbol\" class=\"wp-image-26050\" srcset=\"https:\/\/supercuotas.gratis\/wp-content\/uploads\/2023\/01\/codere-bono-apuestas-futbol-1024x399.png 1024w, https:\/\/supercuotas.gratis\/wp-content\/uploads\/2023\/01\/codere-bono-apuestas-futbol-300x117.png 300w, https:\/\/supercuotas.gratis\/wp-content\/uploads\/2023\/01\/codere-bono-apuestas-futbol-768x299.png 768w, https:\/\/supercuotas.gratis\/wp-content\/uploads\/2023\/01\/codere-bono-apuestas-futbol.png 1359w\" sizes=\"(max-width: 1024px) 100vw, 1024px\" \/><\/a><\/figure>\n\n\n\n<h2 class=\"wp-block-heading\">Conoce los aspectos principales de Codere<\/h2>\n\n\n\n<p>A la hora de ingresar dentro de esta <a href=\"https:\/\/recor.to\/coderearg\" target=\"_blank\" rel=\"noreferrer noopener nofollow sponsored\">casa de apuestas<\/a>, tendr\u00e1s una gran abanico de posibilidades para elegir. Ya que dentro de esta casa de apuestas, podr\u00e1s acceder a una gran variedad de bonos, promociones e incluso una gran variedad de juegos de apuestas. <strong>Este es un sitio completamente seguro, y adem\u00e1s podr\u00e1s encontrar una gran seguridad<\/strong>. Con la cual, podr\u00e1s acceder a estar completamente seguro dentro de este sitio de apuestas. Codere es uno de los sitios l\u00edderes dentro de Argentina, <strong>ya que cuenta con una gran trayectoria y procesos completamente seguros de acceder.<\/strong><\/p>\n\n\n\n<p><strong>Como debes saber ingresando a este prestigioso sitio de apuestas, encontrar\u00e1s acceder a una gran variedad de bonos y promociones<\/strong>. Con las cuales podr\u00e1s acceder a obtener una gran variedad de beneficios. Con cada uno de estos beneficios, tendr\u00e1s la posibilidad de acceder a aumentar tu dinero. De esta forma podr\u00e1s acceder a los mejores juegos de apuestas. Un ejemplo de estos beneficios, puede ser el grandioso bono para apuestas de tenis, <a href=\"https:\/\/supercuotas.gratis\/arg\/codere-bono-apuestas-tenis-ciudad-buenos-aires\/\" target=\"_blank\" rel=\"noreferrer noopener\">del cual te dejamos una grandioso gu\u00eda de acceso.<\/a> <strong>Ya que hoy, solamente hablaremos sobre el bono para apuestas de futbol de Codere, con el cual obtendr\u00e1s hasta $5.000.<\/strong><\/p>\n\n\n\n<p>No solo podr\u00e1s acceder a una infinita variedad de beneficios dentro de esta casa de apuestas, <strong>sino que con cada uno de estos beneficios, podr\u00e1s acceder a jugar a los mejores juegos de apuestas.<\/strong>  Los cuales son los m\u00e1s seguros de todo Argentina, y los podr\u00e1s encontrar dentro de Codere. Esto se debe a que, dentro de esta casa de apuestas podr\u00e1s encontrar los mejores proveedores de juegos de apuestas, para poder acceder de manera sumamente correcta y segura. <strong>Tienes que tener en cuenta que, dentro de <a href=\"https:\/\/recor.to\/coderearg\" target=\"_blank\" rel=\"noreferrer noopener nofollow sponsored\">Codere <\/a>podr\u00e1s encontrar, casino, casino en vivo y apuestas deportivas.<\/strong><\/p>\n\n\n\n<h3 class=\"wp-block-heading\">Seguridad y respaldo dentro de Codere<\/h3>\n\n\n\n<p>Cuando accedas dentro de esta casa de apuestas, tendr\u00e1s la posibilidad de acceder a un sitio sumamente seguro. <strong>Ya que dentro de la p\u00e1gina oficial de <a href=\"https:\/\/recor.to\/coderearg\" target=\"_blank\" rel=\"noreferrer noopener nofollow sponsored\">Codere<\/a>, podr\u00e1s encontrar un sitio sumamente seguro.<\/strong> Ya que el mismo, posee todas y cada una de sus licencias completamente al d\u00eda. Para que de esta manera, puedas acceder a un sitio seguro, y realizar las mejores apuestas de todas. Adem\u00e1s cumple con todas y cada una de las normas de seguridad al d\u00eda, <strong>con las cuales podr\u00e1s encontrar a\u00fan m\u00e1s seguro dentro de esta casa de apuestas.<\/strong><\/p>\n\n\n\n<p>No solo eso, sino que dentro de este <a href=\"https:\/\/recor.to\/coderearg\" target=\"_blank\" rel=\"noreferrer noopener nofollow sponsored\">sitio <\/a>tendr\u00e1s la posibilidad de acceder a un gran servicio. <strong>Con el cual podr\u00e1s acceder a quitarte todas y cada una de las dudas que poseas, respecto a los procesos dentro de este sitio. <\/strong>Tienes que tener en cuenta que el mismo, podr\u00e1 ser utilizado por todos que deseen. Este es el servicio de atenci\u00f3n al cliente, con el cual podr\u00e1s quitarte todas tus dudas, las 24 horas del d\u00eda.<strong> Para que de esta manera, puedas acceder de manera correcta, en caso que no puedas, al bono de apuestas para futbol de Codere. <\/strong><\/p>\n\n\n\n<h2 class=\"wp-block-heading\">\u00bfQu\u00e9 es el Codere bono para apuestas de futbol?<\/h2>\n\n\n\n<p><strong>Dentro de esta casa de apuestas, podr\u00e1s acceder a una gran variedad de beneficios<\/strong>. Los cuales, te permitir\u00e1n aumentar tus aumentos, para que de esta manera tengas la posibilidad de ingresar dinero y disfrutar de los mejores juegos de apuestas. En esta ocasi\u00f3n te ense\u00f1aremos el bono de apuestas para futbol de Codere, <strong>el cual te permitir\u00e1 acceder a una inmensidad de beneficios dentro de esta casa de apuestas<\/strong>. Tienes que tener en cuenta que, solamente podr\u00e1n acceder a este beneficio, quienes sean usuarios, en caso de no serlos no podr\u00e1s acceder.<\/p>\n\n\n\n<p>Tienes que tener en cuenta que, dentro de esta <a href=\"https:\/\/recor.to\/coderearg\" target=\"_blank\" rel=\"noreferrer noopener nofollow sponsored\">casa de apuestas<\/a> podr\u00e1s encontrar una <a href=\"https:\/\/supercuotas.gratis\/arg\/codere\/\" target=\"_blank\" rel=\"noreferrer noopener\">gran variedad de bonos y promociones<\/a>, los cuales son completamente distintos entre si. <strong>Adem\u00e1s podr\u00e1s encontrar dos tipos de beneficios, los bonos de bienvenida y las promociones. <\/strong>En el caso de las promociones, podr\u00e1n acceder todos los usuarios de este sitio de apuestas. Mientras que en el caso de los bonos de bienvenida, podr\u00e1n acceder solo los nuevos usuarios. <strong>En este caso, el bono de apuesta para futbol de Codere, es un bono de bienvenida.<\/strong> Es decir, solo tendr\u00e1n la posibilidad de acceder nuevos usuarios. <\/p>\n\n\n\n<p><strong>Este beneficio, te permitir\u00e1 acceder al 100% de tu primer ingreso hasta $5.000, para jugar a los mejores partidos de futbol que tu desees.<\/strong> De esta manera, tendr\u00e1s una manera m\u00e1s agradable de comenzar dentro de este rubro de apuestas. Tienes que tener en cuenta que, solamente podr\u00e1s acceder una sola vez por usuario a este grandioso beneficio. Debes saber que, en el caso que no seas un nuevo usuario, o ya hayas accedido a este beneficio, no podr\u00e1s acceder a este grandioso bono. En el caso que desees acceder a un bono de deportes, <a href=\"https:\/\/supercuotas.gratis\/arg\/codere-bono-apuestas-deportivas-ciudad-buenos-aires\/\" target=\"_blank\" rel=\"noreferrer noopener\">te dejamos al alcance de un clic esta gu\u00eda<\/a>.<\/p>\n\n\n\n<figure class=\"wp-block-image size-large\"><a href=\"https:\/\/recor.to\/coderearg\" target=\"_blank\" rel=\"noreferrer noopener nofollow sponsored\"><img decoding=\"async\" width=\"1024\" height=\"458\" src=\"https:\/\/supercuotas.gratis\/wp-content\/uploads\/2023\/01\/codere-bono-futbol-1024x458.png\" alt=\"codere bono futbol\" class=\"wp-image-26084\" srcset=\"https:\/\/supercuotas.gratis\/wp-content\/uploads\/2023\/01\/codere-bono-futbol-1024x458.png 1024w, https:\/\/supercuotas.gratis\/wp-content\/uploads\/2023\/01\/codere-bono-futbol-300x134.png 300w, https:\/\/supercuotas.gratis\/wp-content\/uploads\/2023\/01\/codere-bono-futbol-768x344.png 768w, https:\/\/supercuotas.gratis\/wp-content\/uploads\/2023\/01\/codere-bono-futbol.png 1356w\" sizes=\"(max-width: 1024px) 100vw, 1024px\" \/><\/a><\/figure>\n\n\n\n<h2 class=\"wp-block-heading\">Reclama de manera r\u00e1pida, tu bono de apuestas para futbol de Codere<\/h2>\n\n\n\n<p>Antes de comenzar el proceso de reclamo de este grandioso beneficio, tienes que tener en cuenta que, este bono te permitir\u00e1 acceder a una gran variedad de premios. Adem\u00e1s tienes que saber que, este proceso solamente te tomar\u00e1 cinco minutos acceder al mismo.<strong> Ya que dentro de esta <a href=\"https:\/\/recor.to\/coderearg\" target=\"_blank\" rel=\"noreferrer noopener nofollow sponsored\">casa de apuestas<\/a>, podr\u00e1s acceder a una gran interfaz.<\/strong> Permiti\u00e9ndote realizar todos y cada uno de tus procesos, de manera completamente r\u00e1pida y segura. Es por eso que, siempre la mejor opci\u00f3n es acceder dentro de Codere. <\/p>\n\n\n\n<p>El primer paso que deber\u00e1s realizar a la hora de acceder a este bono de apuestas para futbol de Codere es, <strong>ingresar dentro de tu usuario de esta casa de apuestas.<\/strong> En el caso que no cuente con un usuario dentro de este sitio, deber\u00e1s realizar el proceso de registro. El mismo, tan solo te tomar\u00e1 cinco minutos llevarlo a cabo, para que luego puedas acceder a este beneficio. <strong>Tienes que tener en cuenta que, en el caso que ya seas usuario no podr\u00e1s acceder nuevamente a un nuevo usuario.<\/strong> Tampoco podr\u00e1s acceder a este grandioso beneficio de bienvenida. <\/p>\n\n\n\n<p>Cuando ya te encuentres dentro de tu usuario, deber\u00e1s dirigirte al sector &#8220;promociones&#8221;, all\u00ed tendr\u00e1s la oportunidad de acceder a obtener una gran variedad de beneficios.<strong> Pero en esta ocasi\u00f3n deber\u00e1s acceder al bono de apuestas para futbol de Codere, con el cual podr\u00e1s acceder a los mejores beneficios. <\/strong>Una vez que hayas reclamado este bono, deber\u00e1s acceder a realizar un ingreso. El mismo, deber\u00e1 ser utilizado para acceder a este bono. Es por eso que, deber\u00e1s realizar un ingreso m\u00ednimo seleccionado para acceder a este bono. <strong>Una vez que hayas realizado estos pasos, ya ser\u00e1s beneficiario del bono de apuestas para futbol de <a href=\"https:\/\/recor.to\/coderearg\" target=\"_blank\" rel=\"noreferrer noopener nofollow sponsored\">Codere<\/a>.<\/strong><\/p>\n\n\n\n<h2 class=\"wp-block-heading\">Los mejores m\u00e9todos de pago en Codere<\/h2>\n\n\n\n<p>Una vez de haber conocido estos procesos, ser\u00e1 el momento de aprender que formas de pago posee este <a href=\"https:\/\/recor.to\/coderearg\" target=\"_blank\" rel=\"noreferrer noopener nofollow sponsored\">sitio de apuestas<\/a>. Tienes que tener en cuenta que, dentro de este sitio encontrar\u00e1s las formas de pago m\u00e1s segura de toda argentina. D<strong>e esta manera, tendr\u00e1s la posibilidad de acceder a una gran variedad de beneficios<\/strong>. Para que puedas jugar a los mejores juegos de apuestas. tienes que saber que, en el caso que poseas dudas al respecto de estos m\u00e9todos, podr\u00e1s acceder al servicio de atenci\u00f3n al cliente. <\/p>\n\n\n\n<p>Antes de comenzar a comentarte los m\u00e9todos de pago, tienes que tener en cuenta que, estos m\u00e9todos son completamente distintos entre si. Esto quiere decir que, cada uno posee t\u00e9rminos y condiciones completamente distintas. <strong>En otras palabras, los ingresos m\u00e1ximos y los retiros m\u00ednimos son completamente diferentes.<\/strong> Al igual que los tiempos de acreditaci\u00f3n, es por eso que, en el caso que no uses tu m\u00e9todo habitual, debes estar tranquilo, ya que los montos son completamente distintos. <\/p>\n\n\n\n<p>Dentro de este sitio de apuestas, <strong>podr\u00e1s acceder de manera segura a los siguientes m\u00e9todos de pago<\/strong>:<\/p>\n\n\n\n<ul class=\"wp-block-list\">\n<li>Mercado Pago<\/li>\n\n\n\n<li>Transferencia bancari<\/li>\n\n\n\n<li>DEBIN<\/li>\n\n\n\n<li>MasterCard<\/li>\n<\/ul>\n\n\n\n<figure class=\"wp-block-image size-large\"><a href=\"https:\/\/recor.to\/coderearg\" target=\"_blank\" rel=\"noreferrer noopener nofollow sponsored\"><img decoding=\"async\" width=\"1024\" height=\"450\" src=\"https:\/\/supercuotas.gratis\/wp-content\/uploads\/2023\/01\/codere-apuestas-futbol-1024x450.png\" alt=\"codere apuestas futbol\" class=\"wp-image-26094\" srcset=\"https:\/\/supercuotas.gratis\/wp-content\/uploads\/2023\/01\/codere-apuestas-futbol-1024x450.png 1024w, https:\/\/supercuotas.gratis\/wp-content\/uploads\/2023\/01\/codere-apuestas-futbol-300x132.png 300w, https:\/\/supercuotas.gratis\/wp-content\/uploads\/2023\/01\/codere-apuestas-futbol-768x338.png 768w, https:\/\/supercuotas.gratis\/wp-content\/uploads\/2023\/01\/codere-apuestas-futbol.png 1357w\" sizes=\"(max-width: 1024px) 100vw, 1024px\" \/><\/a><\/figure>\n\n\n<p>[ratings]<\/p>\n\n\n\n<div class=\"wp-block-rank-math-faq-block\"><div class=\"rank-math-faq-item\"><h3 class=\"rank-math-question\">\u00bfQu\u00e9 es Codere?<\/h3><div class=\"rank-math-answer\">Este es una casa de apuestas, sumamente seguro.<\/div><\/div><div class=\"rank-math-faq-item\"><h3 class=\"rank-math-question\">\u00bfQu\u00e9 encontrar\u00e9 en Codere?<\/h3><div class=\"rank-math-answer\">Una infinita variedad de bonos, promociones y juegos de apuestas.<\/div><\/div><div class=\"rank-math-faq-item\"><h3 class=\"rank-math-question\">\u00bfPara acceder debo ser usuario?<\/h3><div class=\"rank-math-answer\">Claro que si, tendr\u00e1s que registrarte para acceder.<\/div><\/div><div class=\"rank-math-faq-item\"><h3 class=\"rank-math-question\">\u00bfC\u00f3mo me registro dentro de este sitio?<\/h3><div class=\"rank-math-answer\">Para acceder, deber\u00e1s ingresar a la p\u00e1gina de Codere y completar el registro.<\/div><\/div><div class=\"rank-math-faq-item\"><h3 class=\"rank-math-question\">\u00bfPosee beneficios?<\/h3><div class=\"rank-math-answer\">Claro que si, podr\u00e1s acceder a encontrar el bono de apuestas para futbol de Codere.<\/div><\/div><div class=\"rank-math-faq-item\"><h3 class=\"rank-math-question\">\u00bfQu\u00e9 es este bono?<\/h3><div class=\"rank-math-answer\">Es un bono de bienvenida para apuestas deportivas.<\/div><\/div><div class=\"rank-math-faq-item\"><h3 class=\"rank-math-question\">\u00bfTodos pueden acceder a el?<\/h3><div class=\"rank-math-answer\">Solo quienes sean nuevos usuarios de este sitio.<\/div><\/div><\/div>\n","protected":false},"excerpt":{"rendered":"<p>Para aquellos amantes de las apuestas deportivas, m\u00e1s precisamente de los amantes del f\u00fatbol, hoy tendr\u00e1n una grandiosa oportunidad. Ya que te ense\u00f1aremos todo lo que debes saber sobre, el Codere bono apuestas de futbol, con el cual podr\u00e1s obtener hasta $5.000, para jugar en los mejores eventos. Tienes que saber que, este es un &#8230; <a title=\"Codere Bono Apuestas Futbol \u00bb $5.000 para TODOS los Partidos\" class=\"read-more\" href=\"https:\/\/supercuotas.gratis\/arg\/codere-bono-apuestas-futbol-ciudad-buenos-aires\/\" aria-label=\"Read more about Codere Bono Apuestas Futbol \u00bb $5.000 para TODOS los Partidos\">Read more<\/a><\/p>\n","protected":false},"author":74,"featured_media":0,"parent":0,"menu_order":0,"comment_status":"closed","ping_status":"closed","template":"","meta":{"_uag_custom_page_level_css":"","generate_page_header":"","footnotes":""},"class_list":["post-26048","page","type-page","status-publish"],"uagb_featured_image_src":{"full":false,"thumbnail":false,"medium":false,"medium_large":false,"large":false,"1536x1536":false,"2048x2048":false},"uagb_author_info":{"display_name":"Facundo","author_link":"https:\/\/supercuotas.gratis\/arg\/author\/facundo\/"},"uagb_comment_info":0,"uagb_excerpt":"Para aquellos amantes de las apuestas deportivas, m\u00e1s precisamente de los amantes del f\u00fatbol, hoy tendr\u00e1n una grandiosa oportunidad. Ya que te ense\u00f1aremos todo lo que debes saber sobre, el Codere bono apuestas de futbol, con el cual podr\u00e1s obtener hasta $5.000, para jugar en los mejores eventos. Tienes que saber que, este es un&hellip;","_links":{"self":[{"href":"https:\/\/supercuotas.gratis\/arg\/wp-json\/wp\/v2\/pages\/26048","targetHints":{"allow":["GET"]}}],"collection":[{"href":"https:\/\/supercuotas.gratis\/arg\/wp-json\/wp\/v2\/pages"}],"about":[{"href":"https:\/\/supercuotas.gratis\/arg\/wp-json\/wp\/v2\/types\/page"}],"author":[{"embeddable":true,"href":"https:\/\/supercuotas.gratis\/arg\/wp-json\/wp\/v2\/users\/74"}],"replies":[{"embeddable":true,"href":"https:\/\/supercuotas.gratis\/arg\/wp-json\/wp\/v2\/comments?post=26048"}],"version-history":[{"count":0,"href":"https:\/\/supercuotas.gratis\/arg\/wp-json\/wp\/v2\/pages\/26048\/revisions"}],"wp:attachment":[{"href":"https:\/\/supercuotas.gratis\/arg\/wp-json\/wp\/v2\/media?parent=26048"}],"curies":[{"name":"wp","href":"https:\/\/api.w.org\/{rel}","templated":true}]}}